733, 2549
What are the prime factors of 2722837?
13, 209449
What are the prime factors of 2344835?
5, 468967
What are the prime factors of 159992?
2, 7, 2857
What are the prime factors of 10319680?
2, 5, 7, 17, 271
What are the prime factors of 979873?
979873
List the prime factors of 18295000.
2, 5, 3659
List the prime factors of 592292.
2, 148073
List the prime factors of 674034.
2, 3, 112339
List the prime factors of 1201130.
2, 5, 7, 17159
What are the prime factors of 138717?
3, 15413
List the prime factors of 1132936.
2, 7, 20231
List the prime factors of 276538.
2, 37, 101
What are the prime factors of 178996?
2, 73, 613
List the prime factors of 2324219.
23, 139, 727
What are the prime factors of 931016?
2, 29, 4013
List the prime factors of 481061.
7, 19, 3617
What are the prime factors of 9706363?
9706363
What are the prime factors of 2367023?
877, 2699
List the prime factors of 32558.
2, 73, 223
List the prime factors of 836684.
2, 19, 101, 109
List the prime factors of 136538.
2, 233, 293
List the prime factors of 145128.
2, 3, 6047
What are the prime factors of 1762442?
2, 11, 80111
List the prime factors of 3035891.
79, 83, 463
List the prime factors of 10551302.
2, 29, 181919
List the prime factors of 758091.
3, 59, 4283
What are the prime factors of 831135?
3, 5, 67, 827
What are the prime factors of 11454286?
2, 2111, 2713
What are the prime factors of 235656?
2, 3, 1091
List the prime factors of 503191.
13, 38707
What are the prime factors of 5161122?
2, 3, 19, 15091
What are the prime factors of 16423975?
5, 656959
What are the prime factors of 388245?
3, 5, 11, 13, 181
What are the prime factors of 10889800?
2, 5, 54449
List the prime factors of 330074.
2, 165037
List the prime factors of 307891.
307891
List the prime factors of 172622.
2, 86311
List the prime factors of 198108.
2, 3, 5503
What are the prime factors of 22517284?
2, 31, 113, 1607
What are the prime factors of 551062?
2, 275531
What are the prime factors of 7566940?
2, 5, 19, 19913
What are the prime factors of 399498?
2, 3, 11, 6053
What are the prime factors of 1225376?
2, 149, 257
What are the prime factors of 669951?
3, 919
What are the prime factors of 4729867?
4729867
List the prime factors of 561719.
281, 1999
What are the prime factors of 34677538?
2, 7, 2476967
What are the prime factors of 4363446?
2, 3, 727241
What are the prime factors of 360101?
7, 7349
What are the prime factors of 1411959?
3, 470653
What are the prime factors of 5971078?
2, 2985539
List the prime factors of 2026723.
17, 29, 4111
List the prime factors of 1864348.
2, 466087
List the prime factors of 7509381.
3, 11, 137, 151
What are the prime factors of 3491038?
2, 1745519
What are the prime factors of 1621738?
2, 29, 27961
List the prime factors of 4249061.
353, 12037
List the prime factors of 1446995.
5, 11, 26309
What are the prime factors of 526724?
2, 11, 11971
What are the prime factors of 63411?
3, 23, 919
List the prime factors of 1470631.
647, 2273
What are the prime factors of 267418?
2, 133709
What are the prime factors of 624717?
3, 41, 1693
List the prime factors of 436879.
53, 8243
List the prime factors of 217734.
2, 3, 11, 3299
What are the prime factors of 10978847?
11, 998077
List the prime factors of 1084270.
2, 5, 11, 9857
What are the prime factors of 248558?
2, 19, 31, 211
List the prime factors of 697240.
2, 5, 17431
What are the prime factors of 181242?
2, 3, 10069
List the prime factors of 3254562.
2, 3, 47, 3847
What are the prime factors of 1145514?
2, 3, 71, 2689
List the prime factors of 2028822.
2, 3, 338137
What are the prime factors of 14027338?
2, 13, 47, 883
List the prime factors of 6042064.
2, 7, 73, 739
List the prime factors of 1961800.
2, 5, 17, 577
List the prime factors of 1698635.
5, 339727
List the prime factors of 2620189.
11, 13, 73, 251
What are the prime factors of 24791994?
2, 3, 43, 3559
List the prime factors of 379671.
3, 271, 467
What are the prime factors of 365408?
2, 19, 601
What are the prime factors of 3853490?
2, 5, 181, 2129
What are the prime factors of 5808007?
5808007
What are the prime factors of 18284882?
2, 7, 11, 37, 3209
List the prime factors of 4720778.
2, 19, 124231
What are the prime factors of 416915?
5, 83383
List the prime factors of 4897305.
3, 5, 7, 2221
What are the prime factors of 10107292?
2, 13, 194371
What are the prime factors of 29001093?
3, 11, 878821
List the prime factors of 1024846.
2, 107, 4789
List the prime factors of 187446.
2, 3, 7, 4463
List the prime factors of 862555.
5, 167, 1033
List the prime factors of 425879.
425879
What are the prime factors of 504784?
2, 7, 4507
List the prime factors of 5961048.
2, 3, 23, 10799
What are the prime factors of 3353578?
2, 191, 8779
List the prime factors of 90195.
3, 5, 7, 859
List the prime factors of 529270.
2, 5, 7, 7561
What are the prime factors of 18286095?
3, 5, 29, 127, 331
List the prime factors of 35003.
17, 29, 71
What are the prime factors of 19895951?
1861, 10691
List the prime factors of 873707.
873707
What are the prime factors of 12249089?
283, 43283
What are the prime factors of 1670967?
3, 401, 463
List the prime factors of 4383721.
43, 97, 1051
What are the prime factors of 1693002?
2, 3, 282167
What are the prime factors of 481501?
481501
List the prime factors of 782592.
2, 3, 1019
List the prime factors of 48034.
2, 7, 47, 73
What are the prime factors of 6563330?
2, 5, 656333
List the prime factors of 1170740.
2, 5, 58537
List the prime factors of 7928503.
11, 720773
List the prime factors of 4637231.
4637231
List the prime factors of 17347727.
23, 754249
List the prime factors of 1551696.
2, 3, 32327
What are the prime factors of 613940?
2, 5, 30697
List the prime factors of 2067011.
457, 4523
What are the prime factors of 565173?
3, 7, 8971
What are the prime factors of 494144?
2, 7, 1103
What are the prime factors of 4835104?
2, 61, 2477
What are the prime factors of 3147083?
3147083
List the prime factors of 3386946.
2, 3, 564491
What are the prime factors of 313485?
3, 5, 20899
List the prime factors of 132465.
3, 5, 8831
What are the prime factors of 4245731?
7, 23, 26371
List the prime factors of 93214.
2, 11, 19, 223
List the prime factors of 7510051.
59, 127289
List the prime factors of 986592.
2, 3, 43, 239
List the prime factors of 9208956.
2, 3, 59, 13007
List the prime factors of 521989.
13, 40153
List the prime factors of 443316.
2, 3, 36943
List the prime factors of 6295032.
2, 3, 17, 37, 139
List the prime factors of 361235.
5, 7, 10321
What are the prime factors of 422551?
422551
What are the prime factors of 5306681?
19, 29, 9631
What are the prime factors of 709897?
19, 37363
What are the prime factors of 7897116?
2, 3, 199, 3307
What are the prime factors of 173166?
2, 3, 7, 19, 31
What are the prime factors of 13567492?
2, 659, 5147
List the prime factors of 17120546.
2, 2843, 3011
What are the prime factors of 42945?
3, 5, 7, 409
List the prime factors of 4278841.
7, 611263
List the prime factors of 1117830.
2, 3, 5, 7, 5323
List the prime factors of 205386.
2, 3, 34231
What are the prime factors of 1743826?
2, 7, 17, 431
What are the prime factors of 19877254?
2, 311, 31957
List the prime factors of 4655024.
2, 11, 26449
List the prime factors of 284697.
3, 7, 4519
What are the prime factors of 4568939?
409, 11171
List the prime factors of 37513960.
2, 5, 11, 85259
List the prime factors of 77301.
3, 7, 409
What are the prime factors of 6257932?
2, 23, 251, 271
What are the prime factors of 8121735?
3, 5, 60161
What are the prime factors of 364428?
2, 3, 53, 191
List the prime factors of 313422.
2, 3, 52237
List the prime factors of 2198042.
2, 7, 11, 2039
What are the prime factors of 4134067?
7, 31, 19051
List the prime factors of 191023.
7, 29, 941
List the prime factors of 5105162.
2, 2552581
List the prime factors of 780980.
2, 5, 17, 2297
What are the prime factors of 209818?
2, 7, 2141
List the prime factors of 4386391.
17, 258023
What are the prime factors of 6222684?
2, 3, 13, 113, 353
List the prime factors of 767640.
2, 3, 5, 6397
What are the prime factors of 801937?
29, 27653
What are the prime factors of 434382?
2, 3, 13, 5569
What are the prime factors of 4800438?
2, 3, 88897
What 